s of 56210841.
3, 693961
List the prime factors of 15061046.
2, 7, 11, 13, 7523
What are the prime factors of 4287508516?
2, 1071877129
List the prime factors of 8082043636.
2, 2020510909
List the prime factors of 3650232035.
5, 730046407
List the prime factors of 124483190.
2, 5, 13, 957563
What are the prime factors of 294999998?
2, 109, 877, 1543
What are the prime factors of 37359176?
2, 23, 203039
What are the prime factors of 2013547532?
2, 181, 2781143
What are the prime factors of 395779913?
101, 3918613
What are the prime factors of 99908239?
99908239
List the prime factors of 1695572010.
2, 3, 5, 11, 17, 100747
What are the prime factors of 729526614?
2, 3, 121587769
What are the prime factors of 99296949?
3, 17, 1946999
What are the prime factors of 7273054?
2, 3636527
List the prime factors of 233788522.
2, 11, 17, 625103
List the prime factors of 66012966.
2, 3, 3667387
List the prime factors of 222251973.
3, 823, 90017
List the prime factors of 22089014.
2, 43, 113, 2273
List the prime factors of 41278373.
509, 81097
List the prime factors of 40615076.
2, 521, 19489
List the prime factors of 65071334.
2, 32535667
What are the prime factors of 7061500?
2, 5, 29, 487
List the prime factors of 951800435.
5, 190360087
What are the prime factors of 1398443403?
3, 7, 66592543
What are the prime factors of 4784143?
7, 13, 19, 2767
List the prime factors of 50378322.
2, 3, 73, 115019
List the prime factors of 48301524.
2, 3, 47, 28547
List the prime factors of 90045830.
2, 5, 7, 151, 1217
What are the prime factors of 35103451?
23, 293, 5209
List the prime factors of 148925420.
2, 5, 7, 19, 55987
What are the prime factors of 110212959?
3, 36737653
List the prime factors of 250522576.
2, 15657661
What are the prime factors of 2373064524?
2, 3, 71, 928429
List the prime factors of 116880899.
17, 659, 10433
List the prime factors of 306640509.
3, 7, 17, 449, 1913
List the prime factors of 2794878317.
7, 11, 311, 16673
What are the prime factors of 737114369?
67, 11001707
What are the prime factors of 4447232602?
2, 43, 67, 463, 1667
What are the prime factors of 115663894?
2, 43, 137, 9817
What are the prime factors of 299056624?
2, 41, 11119
List the prime factors of 12964720.
2, 5, 162059
What are the prime factors of 3237800?
2, 5, 16189
List the prime factors of 60456043.
19, 67, 47491
What are the prime factors of 8577318?
2, 3, 1429553
List the prime factors of 174551847.
3, 58183949
List the prime factors of 165468414.
2, 3, 27578069
List the prime factors of 1050105102.
2, 3, 175017517
List the prime factors of 49398530.
2, 5, 4939853
What are the prime factors of 3802643961?
3, 311, 4075717
List the prime factors of 549298873.
19, 2843, 10169
List the prime factors of 281249424.
2, 3, 29, 67349
What are the prime factors of 543662382?
2, 3, 239, 379123
What are the prime factors of 1245392819?
11, 113217529
List the prime factors of 13426511.
7, 109, 17597
List the prime factors of 129006856.
2, 11, 1465987
What are the prime factors of 2878952451?
3, 959650817
What are the prime factors of 44965330?
2, 5, 4496533
List the prime factors of 1457148722.
2, 19, 331, 115849
What are the prime factors of 77441856?
2, 3, 149, 2707
What are the prime factors of 43573962?
2, 3, 1471, 4937
List the prime factors of 32932273.
11, 1447, 2069
List the prime factors of 70776337.
79, 895903
List the prime factors of 120210603.
3, 223, 179687
What are the prime factors of 5638476796?
2, 79, 1597, 11173
What are the prime factors of 718374142?
2, 359187071
List the prime factors of 130358331.
3, 14484259
List the prime factors of 13220783.
181, 73043
What are the prime factors of 470536617?
3, 156845539
What are the prime factors of 1878399760?
2, 5, 23479997
What are the prime factors of 3296650255?
5, 29, 43, 223, 2371
What are the prime factors of 3696745178?
2, 7, 264053227
What are the prime factors of 1344948871?
7, 41, 193, 24281
List the prime factors of 120551262.
2, 3, 13, 1545529
What are the prime factors of 67868634?
2, 3, 349, 32411
List the prime factors of 2091904987.
2843, 735809
What are the prime factors of 176345507?
13, 283, 47933
What are the prime factors of 509791769?
509791769
What are the prime factors of 50505964?
2, 79, 277, 577
What are the prime factors of 105529730?
2, 5, 137, 77029
List the prime factors of 60538981.
461, 131321
List the prime factors of 16600203.
3, 41, 44987
List the prime factors of 562523.
13, 43271
What are the prime factors of 230464340?
2, 5, 677, 17021
What are the prime factors of 18870240?
2, 3, 5, 39313
List the prime factors of 25120954.
2, 773, 16249
List the prime factors of 144501829.
47, 3074507
List the prime factors of 50072256.
2, 3, 13, 743
What are the prime factors of 60082640?
2, 5, 107, 7019
What are the prime factors of 661285025?
5, 19, 31, 44909
What are the prime factors of 352410804?
2, 3, 1187, 2749
What are the prime factors of 409167261?
3, 19, 53, 101, 149
List the prime factors of 2160801719.
61, 89, 398011
List the prime factors of 30422619.
3, 953, 3547
What are the prime factors of 2063754976?
2, 64492343
What are the prime factors of 23544258?
2, 3, 197, 19919
What are the prime factors of 260608313?
7, 19, 39989
List the prime factors of 413512135.
5, 191, 2267
List the prime factors of 151837379.
19, 7991441
What are the prime factors of 45776158?
2, 22888079
What are the prime factors of 535660831?
535660831
What are the prime factors of 5358777680?
2, 5, 66984721
List the prime factors of 1436653587.
3, 478884529
List the prime factors of 9739860863.
73291, 132893
What are the prime factors of 149699008?
2, 17, 223, 617
List the prime factors of 4059921414.
2, 3, 67, 701, 14407
List the prime factors of 99353678.
2, 17, 2922167
What are the prime factors of 285063073?
31, 9195583
List the prime factors of 57165356.
2, 17, 49451
What are the prime factors of 830527386?
2, 3, 13, 31, 97, 3541
What are the prime factors of 37359521?
23, 1624327
What are the prime factors of 140233706?
2, 70116853
List the prime factors of 5751607207.
29, 1049, 189067
What are the prime factors of 278249946?
2, 3, 13, 19, 191, 983
What are the prime factors of 35832411?
3, 59, 67481
List the prime factors of 229328685.
3, 5, 197, 8623
List the prime factors of 764669623.
241, 599, 5297
List the prime factors of 42601204.
2, 10650301
What are the prime factors of 19999021?
7, 17, 41, 4099
List the prime factors of 1713281666.
2, 131, 6539243
List the prime factors of 18318482.
2, 7, 13, 251, 401
List the prime factors of 477631865.
5, 95526373
List the prime factors of 171757497.
3, 199, 287701
What are the prime factors of 68872913?
7487, 9199
What are the prime factors of 10375197?
3, 7, 19, 26003
What are the prime factors of 147343789?
147343789
List the prime factors of 55318073.
4799, 11527
What are the prime factors of 3906201814?
2, 37, 137, 313, 1231
What are the prime factors of 4990844192?
2, 43, 3627067
What are the prime factors of 1344230917?
101, 13309217
List the prime factors of 8625013.
8625013
List the prime factors of 41882633.
13, 991, 3251
List the prime factors of 5159802.
2, 3, 809, 1063
List the prime factors of 239675279.
73, 1801, 1823
List the prime factors of 6634268.
2, 19, 87293
List the prime factors of 115314274.
2, 37, 89, 17509
What are the prime factors of 330556562?
2, 7, 499, 47317
List the prime factors of 4504021260.
2, 3, 5, 75067021
List the prime factors of 505528.
2, 29, 2179
List the prime factors of 2043051213.
3, 7, 787, 123619
List the prime factors of 16868373.
3, 1667, 3373
List the prime factors of 180228547.
19, 9485713
List the prime factors of 839645529.
3, 10687, 26189
List the prime factors of 2221540687.
10607, 209441
What are the prime factors of 14891530?
2, 5, 1489153
List the prime factors of 3197857753.
29, 9161, 12037
What are the prime factors of 984999153?
3, 14159, 23189
What are the prime factors of 24625931?
11, 2238721
List the prime factors of 1249373748.
2, 3, 7, 14873497
What are the prime factors of 311217248?
2, 9725539
List the prime factors of 84062021.
277, 303473
List the prime factors of 18014045.
5, 7, 89, 5783
What are the prime factors of 1636323683?
1636323683
What are the prime factors of 76